{"id":486,"date":"2024-08-16T07:28:51","date_gmt":"2024-08-16T05:28:51","guid":{"rendered":"https:\/\/zlobeksensomisie.pl\/?page_id=486"},"modified":"2025-05-06T10:30:53","modified_gmt":"2025-05-06T08:30:53","slug":"przydatne-informacje","status":"publish","type":"page","link":"https:\/\/zlobeksensomisie.pl\/?page_id=486","title":{"rendered":"Przydatne informacje"},"content":{"rendered":"\t\t<div data-elementor-type=\"wp-page\" data-elementor-id=\"486\" class=\"elementor elementor-486\" data-elementor-post-type=\"page\">\n\t\t\t\t\t\t<section data-particle_enable=\"false\" data-particle-mobile-disabled=\"false\" class=\"elementor-section elementor-top-section elementor-element elementor-element-34fa940 elementor-section-boxed elementor-section-height-default elementor-section-height-default\" data-id=\"34fa940\" data-element_type=\"section\">\n\t\t\t\t\t\t<div class=\"elementor-container elementor-column-gap-default\">\n\t\t\t\t\t<div class=\"elementor-column elementor-col-100 elementor-top-column elementor-element elementor-element-a49d64a\" data-id=\"a49d64a\" data-element_type=\"column\">\n\t\t\t<div class=\"elementor-widget-wrap elementor-element-populated\">\n\t\t\t\t\t\t<div class=\"elementor-element elementor-element-54a13c2 elementor--h-position-center elementor--v-position-middle elementor-arrows-position-inside elementor-pagination-position-inside elementor-widget elementor-widget-slides\" data-id=\"54a13c2\" data-element_type=\"widget\" data-settings=\"{&quot;navigation&quot;:&quot;both&quot;,&quot;autoplay&quot;:&quot;yes&quot;,&quot;pause_on_hover&quot;:&quot;yes&quot;,&quot;pause_on_interaction&quot;:&quot;yes&quot;,&quot;autoplay_speed&quot;:5000,&quot;infinite&quot;:&quot;yes&quot;,&quot;transition&quot;:&quot;slide&quot;,&quot;transition_speed&quot;:500}\" data-widget_type=\"slides.default\">\n\t\t\t\t<div class=\"elementor-widget-container\">\n\t\t\t<style>\/*! elementor-pro - v3.21.0 - 15-04-2024 *\/\n.elementor-slides .swiper-slide-bg{background-size:cover;background-position:50%;background-repeat:no-repeat;min-width:100%;min-height:100%}.elementor-slides .swiper-slide-inner{background-repeat:no-repeat;background-position:50%;position:absolute;top:0;left:0;bottom:0;right:0;padding:50px;margin:auto}.elementor-slides .swiper-slide-inner,.elementor-slides .swiper-slide-inner:hover{color:#fff;display:flex}.elementor-slides .swiper-slide-inner .elementor-background-overlay{position:absolute;z-index:0;top:0;bottom:0;left:0;right:0}.elementor-slides .swiper-slide-inner .elementor-slide-content{position:relative;z-index:1;width:100%}.elementor-slides .swiper-slide-inner .elementor-slide-heading{font-size:35px;font-weight:700;line-height:1}.elementor-slides .swiper-slide-inner .elementor-slide-description{font-size:17px;line-height:1.4}.elementor-slides .swiper-slide-inner .elementor-slide-description:not(:last-child),.elementor-slides .swiper-slide-inner .elementor-slide-heading:not(:last-child){margin-bottom:30px}.elementor-slides .swiper-slide-inner .elementor-slide-button{border:2px solid #fff;color:#fff;background:transparent;display:inline-block}.elementor-slides .swiper-slide-inner .elementor-slide-button,.elementor-slides .swiper-slide-inner .elementor-slide-button:hover{background:transparent;color:inherit;text-decoration:none}.elementor--v-position-top .swiper-slide-inner{align-items:flex-start}.elementor--v-position-bottom .swiper-slide-inner{align-items:flex-end}.elementor--v-position-middle .swiper-slide-inner{align-items:center}.elementor--h-position-left .swiper-slide-inner{justify-content:flex-start}.elementor--h-position-right .swiper-slide-inner{justify-content:flex-end}.elementor--h-position-center .swiper-slide-inner{justify-content:center}body.rtl .elementor-widget-slides .elementor-swiper-button-next{left:10px;right:auto}body.rtl .elementor-widget-slides .elementor-swiper-button-prev{right:10px;left:auto}.elementor-slides-wrapper div:not(.swiper-slide)>.swiper-slide-inner{display:none}@media (max-width:767px){.elementor-slides .swiper-slide-inner{padding:30px}.elementor-slides .swiper-slide-inner .elementor-slide-heading{font-size:23px;line-height:1;margin-bottom:15px}.elementor-slides .swiper-slide-inner .elementor-slide-description{font-size:13px;line-height:1.4;margin-bottom:15px}}<\/style>\t\t<div class=\"elementor-swiper\">\n\t\t\t<div class=\"elementor-slides-wrapper elementor-main-swiper swiper\" dir=\"ltr\" data-animation=\"fadeInUp\">\n\t\t\t\t<div class=\"swiper-wrapper elementor-slides\">\n\t\t\t\t\t\t\t\t\t\t<div class=\"elementor-repeater-item-05ab7cd swiper-slide\"><div class=\"swiper-slide-bg\" role=\"img\"><\/div><div class=\"swiper-slide-inner\" ><div class=\"swiper-slide-contents\"><\/div><\/div><\/div>\t\t\t\t<\/div>\n\t\t\t\t\t\t\t<\/div>\n\t\t<\/div>\n\t\t\t\t<\/div>\n\t\t\t\t<\/div>\n\t\t\t\t\t<\/div>\n\t\t<\/div>\n\t\t\t\t\t<\/div>\n\t\t<\/section>\n\t\t\t\t<section data-particle_enable=\"false\" data-particle-mobile-disabled=\"false\" class=\"elementor-section elementor-top-section elementor-element elementor-element-67e468f elementor-section-boxed elementor-section-height-default elementor-section-height-default\" data-id=\"67e468f\" data-element_type=\"section\" data-settings=\"{&quot;background_background&quot;:&quot;classic&quot;}\">\n\t\t\t\t\t\t<div class=\"elementor-container elementor-column-gap-default\">\n\t\t\t\t\t<div class=\"elementor-column elementor-col-100 elementor-top-column elementor-element elementor-element-6510794\" data-id=\"6510794\" data-element_type=\"column\">\n\t\t\t<div class=\"elementor-widget-wrap elementor-element-populated\">\n\t\t\t\t\t\t<div class=\"elementor-element elementor-element-99b4508 elementor-widget elementor-widget-heading\" data-id=\"99b4508\" data-element_type=\"widget\" data-widget_type=\"heading.default\">\n\t\t\t\t<div class=\"elementor-widget-container\">\n\t\t\t<style>\/*! elementor - v3.23.0 - 05-08-2024 *\/\n.elementor-heading-title{padding:0;margin:0;line-height:1}.elementor-widget-heading .elementor-heading-title[class*=elementor-size-]>a{color:inherit;font-size:inherit;line-height:inherit}.elementor-widget-heading .elementor-heading-title.elementor-size-small{font-size:15px}.elementor-widget-heading .elementor-heading-title.elementor-size-medium{font-size:19px}.elementor-widget-heading .elementor-heading-title.elementor-size-large{font-size:29px}.elementor-widget-heading .elementor-heading-title.elementor-size-xl{font-size:39px}.elementor-widget-heading .elementor-heading-title.elementor-size-xxl{font-size:59px}<\/style><h3 class=\"elementor-heading-title elementor-size-default\">Przydatne informacje<\/h3>\t\t<\/div>\n\t\t\t\t<\/div>\n\t\t\t\t<div class=\"elementor-element elementor-element-6a97833 elementor-widget elementor-widget-text-editor\" data-id=\"6a97833\" data-element_type=\"widget\" data-widget_type=\"text-editor.default\">\n\t\t\t\t<div class=\"elementor-widget-container\">\n\t\t\t<style>\/*! elementor - v3.23.0 - 05-08-2024 *\/\n.elementor-widget-text-editor.elementor-drop-cap-view-stacked .elementor-drop-cap{background-color:#69727d;color:#fff}.elementor-widget-text-editor.elementor-drop-cap-view-framed .elementor-drop-cap{color:#69727d;border:3px solid;background-color:transparent}.elementor-widget-text-editor:not(.elementor-drop-cap-view-default) .elementor-drop-cap{margin-top:8px}.elementor-widget-text-editor:not(.elementor-drop-cap-view-default) .elementor-drop-cap-letter{width:1em;height:1em}.elementor-widget-text-editor .elementor-drop-cap{float:left;text-align:center;line-height:1;font-size:50px}.elementor-widget-text-editor .elementor-drop-cap-letter{display:inline-block}<\/style>\t\t\t\t<p><strong>Wskaz\u00f3wki dotycz\u0105ce adaptacji dziecka w naszym \u017c\u0142obku<br \/><\/strong>Proces adaptacji w \u017c\u0142obku to wa\u017cny moment zar\u00f3wno dla dziecka, jak i dla rodzic\u00f3w. Aby u\u0142atwi\u0107 t\u0119 zmian\u0119, przygotowali\u015bmy kilka praktycznych wskaz\u00f3wek:<\/p>\t\t\t\t\t\t<\/div>\n\t\t\t\t<\/div>\n\t\t\t\t<div class=\"elementor-element elementor-element-8cbc89e elementor-widget elementor-widget-text-editor\" data-id=\"8cbc89e\" data-element_type=\"widget\" data-widget_type=\"text-editor.default\">\n\t\t\t\t<div class=\"elementor-widget-container\">\n\t\t\t\t\t\t\t<p><strong>1. Stopniowe wprowadzanie<\/strong><br \/>Adaptacj\u0119 rozpoczynamy od kr\u00f3tszych pobyt\u00f3w dziecka w \u017c\u0142obku, stopniowo wyd\u0142u\u017caj\u0105c czas, aby maluch m\u00f3g\u0142 powoli oswoi\u0107 si\u0119 z nowym \u015brodowiskiem.<br \/><strong>2. Znajomy przedmiot<\/strong><br \/>Warto, aby dziecko mia\u0142o przy sobie ulubion\u0105 zabawk\u0119, kocyk czy inny przedmiot, kt\u00f3ry zapewni mu poczucie bezpiecze\u0144stwa w nowym miejscu.<br \/><strong>3. Sta\u0142a rutyna adaptacyjna<\/strong><br \/>Regularno\u015b\u0107 pomaga dzieciom czu\u0107 si\u0119 pewniej, dlatego zach\u0119camy do ustalenia sta\u0142ej rutyny na czas adaptacji, np. aby ta sama osoba codziennie odprowadza\u0142a dziecko do \u017c\u0142obka.<br \/><strong>4. Pozytywne nastawienie<\/strong><br \/>Dzieci doskonale wyczuwaj\u0105 emocje doros\u0142ych. Dlatego tak wa\u017cne jest, aby rodzice zachowali spok\u00f3j i pozytywne nastawienie podczas rozstania, co pomo\u017ce dziecku poczu\u0107 si\u0119 bezpieczniej.<br \/><strong>5. Kr\u00f3tkie po\u017cegnanie<\/strong><br \/>Sugerujemy, aby po\u017cegnania by\u0142y kr\u00f3tkie i serdeczne. D\u0142ugie po\u017cegnania mog\u0105 wzmaga\u0107 niepok\u00f3j dziecka, dlatego lepiej powiedzie\u0107 \u201epa pa\u201d i zapewni\u0107, \u017ce wkr\u00f3tce wr\u00f3cicie.<br \/><strong>6. Rozmowy o \u017c\u0142obku<\/strong><br \/>Rozmawiajcie z dzieckiem o \u017c\u0142obku w pozytywnym kontek\u015bcie. Opowiadajcie, jakie zabawy i atrakcje na nie czekaj\u0105, co pomo\u017ce wzbudzi\u0107 jego ciekawo\u015b\u0107 i entuzjazm.<br \/><strong>7. Przygotowanie do nowego rytmu dnia<\/strong><br \/>Zanim dziecko rozpocznie przygod\u0119 w \u017c\u0142obku, warto stopniowo przyzwyczaja\u0107 je do nowego rytmu dnia, uwzgl\u0119dniaj\u0105c godziny posi\u0142k\u00f3w, drzemki i zabawy.<br \/><strong>8. Wsparcie emocjonalne<\/strong><br \/>Proces adaptacji mo\u017ce by\u0107 wyzwaniem, dlatego istotne jest, aby okazywa\u0107 dziecku zrozumienie i wsparcie, szczeg\u00f3lnie je\u015bli na pocz\u0105tku pojawi\u0105 si\u0119 trudno\u015bci.<br \/><strong>9. Sta\u0142y kontakt z opiekunami<\/strong><br \/>Zach\u0119camy rodzic\u00f3w do regularnych rozm\u00f3w z opiekunami, aby by\u0107 na bie\u017c\u0105co z post\u0119pami adaptacji dziecka i wsp\u00f3lnie rozwi\u0105zywa\u0107 ewentualne problemy.<br \/><strong>10. Cierpliwo\u015b\u0107 i elastyczno\u015b\u0107<\/strong><br \/>Ka\u017cde dziecko adaptuje si\u0119 w swoim tempie, dlatego wa\u017cne jest, aby rodzice byli cierpliwi i elastyczni, dostosowuj\u0105c tempo adaptacji do potrzeb malucha.<\/p>\t\t\t\t\t\t<\/div>\n\t\t\t\t<\/div>\n\t\t\t\t\t<\/div>\n\t\t<\/div>\n\t\t\t\t\t<\/div>\n\t\t<\/section>\n\t\t\t\t<section data-particle_enable=\"false\" data-particle-mobile-disabled=\"false\" class=\"elementor-section elementor-top-section elementor-element elementor-element-9e7cb1b elementor-section-boxed elementor-section-height-default elementor-section-height-default\" data-id=\"9e7cb1b\" data-element_type=\"section\" data-settings=\"{&quot;background_background&quot;:&quot;classic&quot;}\">\n\t\t\t\t\t\t<div class=\"elementor-container elementor-column-gap-default\">\n\t\t\t\t\t<div class=\"elementor-column elementor-col-100 elementor-top-column elementor-element elementor-element-f0fbc16\" data-id=\"f0fbc16\" data-element_type=\"column\">\n\t\t\t<div class=\"elementor-widget-wrap elementor-element-populated\">\n\t\t\t\t\t\t<div class=\"elementor-element elementor-element-651d12c elementor-widget elementor-widget-image\" data-id=\"651d12c\" data-element_type=\"widget\" data-widget_type=\"image.default\">\n\t\t\t\t<div class=\"elementor-widget-container\">\n\t\t\t<style>\/*! elementor - v3.23.0 - 05-08-2024 *\/\n.elementor-widget-image{text-align:center}.elementor-widget-image a{display:inline-block}.elementor-widget-image a img[src$=\".svg\"]{width:48px}.elementor-widget-image img{vertical-align:middle;display:inline-block}<\/style>\t\t\t\t\t\t\t\t\t\t<img decoding=\"async\" width=\"150\" height=\"150\" src=\"https:\/\/zlobeksensomisie.pl\/wp-content\/uploads\/2024\/08\/logo-fb-zlobek-sensomisie-2-150x150.png\" class=\"attachment-thumbnail size-thumbnail wp-image-42\" alt=\"logo \u017c\u0142obek sensomisie w jaskrowie\" srcset=\"https:\/\/zlobeksensomisie.pl\/wp-content\/uploads\/2024\/08\/logo-fb-zlobek-sensomisie-2-150x150.png 150w, https:\/\/zlobeksensomisie.pl\/wp-content\/uploads\/2024\/08\/logo-fb-zlobek-sensomisie-2-300x300.png 300w, https:\/\/zlobeksensomisie.pl\/wp-content\/uploads\/2024\/08\/logo-fb-zlobek-sensomisie-2-1024x1024.png 1024w, https:\/\/zlobeksensomisie.pl\/wp-content\/uploads\/2024\/08\/logo-fb-zlobek-sensomisie-2-768x768.png 768w, https:\/\/zlobeksensomisie.pl\/wp-content\/uploads\/2024\/08\/logo-fb-zlobek-sensomisie-2-1536x1536.png 1536w, https:\/\/zlobeksensomisie.pl\/wp-content\/uploads\/2024\/08\/logo-fb-zlobek-sensomisie-2.png 1920w\" sizes=\"(max-width: 150px) 100vw, 150px\" \/>\t\t\t\t\t\t\t\t\t\t\t\t\t<\/div>\n\t\t\t\t<\/div>\n\t\t\t\t\t<\/div>\n\t\t<\/div>\n\t\t\t\t\t<\/div>\n\t\t<\/section>\n\t\t\t\t<\/div>\n\t\t","protected":false},"excerpt":{"rendered":"<p>Przydatne informacje Wskaz\u00f3wki dotycz\u0105ce adaptacji dziecka w naszym \u017c\u0142obkuProces adaptacji w \u017c\u0142obku to wa\u017cny moment zar\u00f3wno dla dziecka, jak i dla rodzic\u00f3w. Aby u\u0142atwi\u0107 t\u0119 zmian\u0119, przygotowali\u015bmy kilka praktycznych wskaz\u00f3wek: 1. Stopniowe wprowadzanieAdaptacj\u0119 rozpoczynamy od kr\u00f3tszych pobyt\u00f3w dziecka w \u017c\u0142obku, stopniowo wyd\u0142u\u017caj\u0105c czas, aby maluch m\u00f3g\u0142 powoli oswoi\u0107 si\u0119 z nowym \u015brodowiskiem.2. Znajomy przedmiotWarto, aby [&hellip;]<\/p>\n","protected":false},"author":1,"featured_media":0,"parent":0,"menu_order":0,"comment_status":"closed","ping_status":"closed","template":"","meta":{"site-sidebar-layout":"no-sidebar","site-content-layout":"page-builder","ast-site-content-layout":"full-width-container","site-content-style":"default","site-sidebar-style":"default","ast-global-header-display":"","ast-banner-title-visibility":"","ast-main-header-display":"","ast-hfb-above-header-display":"","ast-hfb-below-header-display":"","ast-hfb-mobile-header-display":"","site-post-title":"disabled","ast-breadcrumbs-content":"","ast-featured-img":"disabled","footer-sml-layout":"","theme-transparent-header-meta":"","adv-header-id-meta":"","stick-header-meta":"","header-above-stick-meta":"","header-main-stick-meta":"","header-below-stick-meta":"","astra-migrate-meta-layouts":"set","ast-page-background-enabled":"default","ast-page-background-meta":{"desktop":{"background-color":"var(--ast-global-color-4)","background-image":"","background-repeat":"repeat","background-position":"center center","background-size":"auto","background-attachment":"scroll","background-type":"","background-media":"","overlay-type":"","overlay-color":"","overlay-gradient":""},"tablet":{"background-color":"","background-image":"","background-repeat":"repeat","background-position":"center center","background-size":"auto","background-attachment":"scroll","background-type":"","background-media":"","overlay-type":"","overlay-color":"","overlay-gradient":""},"mobile":{"background-color":"","background-image":"","background-repeat":"repeat","background-position":"center center","background-size":"auto","background-attachment":"scroll","background-type":"","background-media":"","overlay-type":"","overlay-color":"","overlay-gradient":""}},"ast-content-background-meta":{"desktop":{"background-color":"var(--ast-global-color-5)","background-image":"","background-repeat":"repeat","background-position":"center center","background-size":"auto","background-attachment":"scroll","background-type":"","background-media":"","overlay-type":"","overlay-color":"","overlay-gradient":""},"tablet":{"background-color":"var(--ast-global-color-5)","background-image":"","background-repeat":"repeat","background-position":"center center","background-size":"auto","background-attachment":"scroll","background-type":"","background-media":"","overlay-type":"","overlay-color":"","overlay-gradient":""},"mobile":{"background-color":"var(--ast-global-color-5)","background-image":"","background-repeat":"repeat","background-position":"center center","background-size":"auto","background-attachment":"scroll","background-type":"","background-media":"","overlay-type":"","overlay-color":"","overlay-gradient":""}},"footnotes":""},"class_list":["post-486","page","type-page","status-publish","hentry"],"_links":{"self":[{"href":"https:\/\/zlobeksensomisie.pl\/index.php?rest_route=\/wp\/v2\/pages\/486","targetHints":{"allow":["GET"]}}],"collection":[{"href":"https:\/\/zlobeksensomisie.pl\/index.php?rest_route=\/wp\/v2\/pages"}],"about":[{"href":"https:\/\/zlobeksensomisie.pl\/index.php?rest_route=\/wp\/v2\/types\/page"}],"author":[{"embeddable":true,"href":"https:\/\/zlobeksensomisie.pl\/index.php?rest_route=\/wp\/v2\/users\/1"}],"replies":[{"embeddable":true,"href":"https:\/\/zlobeksensomisie.pl\/index.php?rest_route=%2Fwp%2Fv2%2Fcomments&post=486"}],"version-history":[{"count":31,"href":"https:\/\/zlobeksensomisie.pl\/index.php?rest_route=\/wp\/v2\/pages\/486\/revisions"}],"predecessor-version":[{"id":717,"href":"https:\/\/zlobeksensomisie.pl\/index.php?rest_route=\/wp\/v2\/pages\/486\/revisions\/717"}],"wp:attachment":[{"href":"https:\/\/zlobeksensomisie.pl\/index.php?rest_route=%2Fwp%2Fv2%2Fmedia&parent=486"}],"curies":[{"name":"wp","href":"https:\/\/api.w.org\/{rel}","templated":true}]}}